alculate the highest common divisor of m and 7.
1
Let q = 1 + 2. Let w(j) = -11 + 2*j + 0 + q. Let p be w(6). Calculate the greatest common divisor of 2 and p.
2
Suppose 6*w = 4*w - 44. Let k = w - -16. Let l(s) = -5*s - 7. Let m be l(k). What is the greatest common divisor of 207 and m?
23
Let s = -1254 + 1803. What is the highest common factor of 61 and s?
61
Let w(a) = -a**3 - 4*a**2 + 8*a - 3. Suppose -15*c + 21*c = -36. Let k be w(c). What is the highest common divisor of k and 84?
21
Let r be 2/((-4)/(-55)*(-2)/(-24)). Calculate the greatest common divisor of 210 and r.
30
Let o = -20 + 71. Let i be o - 2*9/(-6). Suppose 2*l + 2*s - 46 = 0, 23 = 4*l - 3*s - 34. Calculate the highest common factor of i and l.
18
Let a(s) = -4*s**2 - 17*s + 9. Let u be a(-3). What is the highest common divisor of 16 and u?
8
Let g be (-1572)/(-30) - (-3)/5. Suppose -15 - g = -4*z. Calculate the highest common divisor of z and 17.
17
Let j(b) = 9*b**2. Let v(l) = 9*l**2 + l + 1. Let r be v(-1). Let a be (-3)/9 + (-15)/r. Let k be j(a). What is the highest common factor of 24 and k?
12
Suppose -5*z = 3*t - 68, 0 = 3*z - 5*t - 0*t - 34. Suppose -5*x - 4*b + 130 = -3*b, 4*b = 4*x - 104. Calculate the greatest common divisor of z and x.
13
Suppose 0 = 64*u - 34*u - 1890. Calculate the highest common factor of 462 and u.
21
Let w = 173 - 119. Suppose l + 2*d - w = 0, -3*l + 4*d = 2*d - 130. Calculate the highest common factor of 2 and l.
2
Suppose 0*q + 2*q + 150 = 0. Let a = -43 - q. Suppose -16 = -t - 3*n, 0*n + 20 = 3*t + 2*n. Calculate the highest common factor of t and a.
4
Let v(k) = -k**2 - 16*k - 35. Let a be v(-12). Let r(q) = 3*q - 15. Let w be r(a). What is the highest common divisor of w and 192?
24
Suppose -49*n = -53*n + 132. What is the highest common divisor of 99 and n?
33
Let l be (-1*2/4)/((-11)/(-154)). Let n be 3*5 - (10/2 + l). Calculate the greatest common factor of n and 119.
17
Suppose -3*x = 5*w - 154, -6*x + 5*w + 230 = -x. Calculate the greatest common factor of x and 120.
24
Let d(o) = o**3 - o**2 + 3*o. Let c be d(6). Suppose 52 = 3*t - 3*b + 13, -4*t + 3*b + 57 = 0. What is the greatest common factor of t and c?
18
Suppose w + 1 = -0*w, 3*k = -w + 8. Suppose k*c - 2*p = 26, -c + 4*p - 4 - 4 = 0. Calculate the highest common divisor of 18 and c.
6
Let a be 3/(1 - 4) - -253. Calculate the highest common divisor of a and 63.
63
Suppose -50*p - 48*p + 3038 = 0. Calculate the greatest common divisor of p and 8.
1
Let w be (-4)/6 + (-26)/6. Let k = 7 - w. Let c be (-8)/6*-3*1. Calculate the greatest common divisor of k and c.
4
Suppose -10*d + 13*d = -3*f + 84, 3*f - d - 88 = 0. What is the highest common factor of f and 203?
29
Let c = 1619 - 1612. Calculate the highest common divisor of 770 and c.
7
Let i be ((-64)/(-3))/(28/(-126)). Let j = i - -144. What is the greatest common factor of j and 12?
12
Let u(s) be the second derivative of -s**5/20 - s**4/3 - s**3 + 2*s**2 + 13*s. Let w be u(-3). What is the greatest common factor of 104 and w?
13
Let d = -46 - -189. Suppose 3*h - 4*r - 165 = 0, 2*h + 3*r = -r + 110. Let v = h - 42. What is the greatest common divisor of d and v?
13
Let m be (11/2)/((590/(-840))/(-59)). Calculate the greatest common factor of 132 and m.
66
Let u(a) = -a**2 + 5*a + 2. Let g be u(5). Let v(y) = 17*y + 8. Let i be v(g). What is the highest common divisor of i and 105?
21
Let m(j) = 3*j + 2. Let v be m(6). Suppose 0 = 4*h - 4*w - v, 2*w = -5*h - 0 + 11. Suppose -5*q = -h*q - 24. Calculate the greatest common divisor of q and 3.
3
Let t = 14 - -66. Calculate the highest common factor of 96 and t.
16
Let v(p) = 14*p + 7*p**2 + 13*p**3 + 9 - 7*p - 12*p**3. Let q be v(-5). Calculate the highest common divisor of q and 12.
12
Let b(a) = -13*a + 16. Let s be b(5). Let z = -13 - s. Calculate the greatest common factor of z and 54.
18
Suppose 2*h = 5*g - 1043, 5*g - 4*h - 497 = 554. Calculate the highest common divisor of 23 and g.
23
Suppose -3*l + 70 + 398 = 0. Calculate the highest common factor of 12 and l.
12
Let r = -378 + 399. What is the highest common factor of 28 and r?
7
Let g(l) = l**3 + 11*l**2 + 21*l - 14. Let t be g(-8). What is the greatest common factor of 15 and t?
5
Suppose -1 = -4*j + 7. Suppose m + 3*x = -2*m + 33, -x + 23 = j*m. Calculate the highest common factor of 8 and m.
4
Let k be 7/2*-72*20/(-12). Calculate the greatest common factor of k and 60.
60
Suppose -4*w - 972 = -7*w. Let f be ((-108)/10)/(6/(-20)). Calculate the greatest common factor of f and w.
36
Let c(b) = 13*b. Let f be c(21). Calculate the greatest common factor of f and 63.
21
Suppose 0 = -5*k + 4*k + 12. Calculate the greatest common factor of k and 30.
6
Let a(l) = l**3 - 5*l**2 + 9*l - 18. Let w be a(6). Calculate the highest common divisor of 104 and w.
8
Suppose 9*a = 251 + 73. Let i(t) = -t + 9. Let f be i(7). Suppose -h - 12 = -f*h. What is the highest common factor of h and a?
12
Suppose -21 = 2*w + 22*b - 17*b, 0 = 4*b + 20. Calculate the greatest common factor of w and 58.
2
Let h(w) = w**2 - 18*w - 136. Let c be h(-8). What is the greatest common divisor of c and 81?
9
Suppose -2*a + 36 + 15 = k, 60 = 3*a - 4*k. What is the greatest common factor of 216 and a?
24
Let w be 21/6 + (-15)/(-10). Suppose -18 = -w*g + 12. Let h = 52 + -10. What is the highest common factor of g and h?
6
Suppose 2*s - 11 = -3*y, 9 = 3*y - 0*s + 3*s. Suppose 4*g + 100 = -2*u + y*u, 4*u = -5*g + 154. Calculate the highest common divisor of 4 and u.
4
Suppose -1235 - 205 = -15*g. Let d(b) = b**2 + 4*b. Let j be d(-6). Calculate the highest common divisor of g and j.
12
Suppose -36 = -d + 4*b, -d - 5*b + 7 = -56. Let c = 204 - 84. Calculate the highest common factor of d and c.
24
Let p(n) = n - 5. Let j be 5*(-7)/(70/36). Let d = 26 + j. Let l be p(d). Calculate the highest common divisor of l and 1.
1
Let a be 3870/(-40) + (-3)/(-4). Let s be (-12)/(-30) - a/10. Calculate the greatest common factor of 15 and s.
5
Suppose 3*d = 20 + 34. Let a(k) = k**2 + 4*k + 6. Let l be a(-4). Calculate the greatest common factor of l and d.
6
Suppose -1 = -s - 4. Let a be -1 - -3 - s*5. Let g be -5 - 12/(-2) - -67. Calculate the greatest common divisor of a and g.
17
Suppose 7*o - 31 - 18 = 0. Let t be (-2 - -4)*(0 + 1). Suppose -5*x + 2*x = t*y - 22, 2*x - 10 = -y. What is the greatest common factor of y and o?
7
Let x be 2/9 + 2940/135. Suppose 2*m - x = -5*s, 2*m + 2 = s + 3*m. Suppose s*r + 526 = 2836. Calculate the highest common divisor of r and 35.
35
Suppose -4200 = -8*p + 6*p. Calculate the greatest common divisor of p and 10.
10
Suppose 0 = 7*h - 6*h - 14. Let g be (-98)/(-28)*72/h. What is the greatest common factor of 63 and g?
9
Suppose 4 = 2*j, -z = 3*z - 4*j - 424. Let t(w) = -w**2 + 26*w - 13. Let f be t(25). Calculate the greatest common divisor of z and f.
12
Suppose 3*b - 2*h + 32 = 5*b, 0 = 5*b + h - 92. Suppose 3*f - 55 = -b. What is the highest common factor of f and 132?
12
Suppose -4*d = 6*c - 39 - 19, -3*c - 5*d + 41 = 0. Let q(t) = -11*t**3 - 4*t**2 - 2*t + 1. Let y be q(-2). Calculate the greatest common divisor of c and y.
7
Let y be (-2)/(-3)*(1 - -5). Suppose -y*i + t + 504 = 0, 0 = -t - 3*t. What is the greatest common divisor of i and 14?
14
Suppose -9*j = 3*a - 14*j - 80, 0 = -j + 5. What is the highest common factor of 5 and a?
5
Let u(o) = 6 + 1 - 2 + o + 4. Let a be u(-5). Suppose -d = a*b - 6, -d + 2*b = 4*b - 14. What is the greatest common factor of d and 22?
22
Suppose 16*r = -5*b + 19*r + 55, -2*b - 5*r - 9 = 0. Let i be (-2 + 4)*(-72)/(-2). Calculate the highest common divisor of b and i.
8
Let n(h) be the second derivative of -h**3/6 - 2*h**2 - 3*h. Let x be n(-11). Suppose 105 = -6*r + 11*r. Calculate the highest common divisor of r and x.
7
Let g be (-43)/3 + 8/(-12). Let l be ((-92)/(-16))/((-1)/(-4)). Let n = l + g. What is the highest common divisor of n and 8?
8
Let k(s) = -518*s + 108. Let j be k(-2). Calculate the greatest common factor of 26 and j.
26
Let y be (2/(-3))/(190/45 - 4). Let o be (48/(-9))/(y*8/36). Calculate the highest common divisor of o and 56.
8
Suppose -5*n - 63 = 2*n. Let g be 14/(-63) - 497/n. What is the greatest common factor of 33 and g?
11
Let c = -27 - -108. Let j = c - 